h**2 + 5*h + 6. Suppose -3*q - 9 = 0, 0*t - 3*t - q - 18 = 0. Is x(t) a composite number?
True
Suppose 3*f - 12 = a, -3*a + 4 = -f - 0. Suppose 379 = f*s - 736. Is s prime?
True
Suppose -u + 0*u = -3*o - 2, 0 = -u + 5*o. Suppose 5*z + n - 2460 = 0, n + 0*n + u = 0. Is z a prime number?
False
Suppose b + b - 2898 = 4*g, -4*g = 16. Suppose -p = -4*d + 1943, 3*d + 3*p = 7*p + b. Is d a prime number?
True
Suppose 351 + 51793 = 5*c + 3*z, 4*c - 4*z = 41696. Is c prime?
True
Is 1/(8/(-4) - -3) + 1008 prime?
True
Let q be (1099 - 0) + (-2)/(-2). Let u be -3 + (-7)/((-21)/1080). Let n = q - u. Is n a composite number?
False
Let m = -950 - -2847. Suppose 5*s - 4*s - 627 = 2*i, -2*i = -3*s + m. Is s prime?
False
Suppose -3*i - 3*g = -63, 79 = 4*i + 3*g - 0*g. Is 66/4*i/12 a prime number?
False
Let b = -1740 + 2999. Is b prime?
True
Suppose -z - l + 54984 = 0, 5*z = -4*l + 119979 + 154946. Is z a prime number?
False
Is (3/(-2))/(36/(-329880)) a prime number?
False
Suppose -92 = 3*p - r, -3*p - 59 = -2*r + 29. Let m = p + 57. Let g = 38 - m. Is g prime?
True
Let l(h) = h**3 + 46*h**2 + 65*h - 129. Is l(-42) prime?
False
Suppose 51556 = -105*f + 109*f. Is f composite?
False
Let m = 74 - -45. Let q = m - -257. Suppose q = 4*t - 180. Is t a prime number?
True
Suppose 2*i = -0*i - 2, 3*v - 3*i - 12 = 0. Suppose 5 = 4*g - v*g. Suppose -4*d + 360 = 4*n, g*d - 15 = -0. Is n composite?
True
Let i = 2211 - 1184. Is i a composite number?
True
Suppose -8*m + 12*m + 4*a = 71840, 5*m = -a + 89788. Is m a prime number?
True
Suppose -2*s - 2 = 2*f, 2*f + 2*f = -3*s - 6. Let a be s/(-10) - 80/(-25). Suppose 4*l = 5*q - 1331, a*l + 538 = -q + 3*q. Is q composite?
False
Is 1 - 0 - (-7241 + 8) prime?
False
Let m = 19 + -17. Suppose -6*w + m*w = -20. Is w - (5 + -2) - -65 prime?
True
Let p(l) = -41*l**3 - 12*l**2 + 11*l + 3. Let o = 12 - 7. Let q(i) = 20*i**3 + 6*i**2 - 5*i - 1. Let k(w) = o*q(w) + 2*p(w). Is k(2) a prime number?
True
Suppose -4*d = -11221 + 3217. Let g = -1067 + d. Suppose 2*u - g = o, -1872 = -4*u - o + 2*o. Is u a prime number?
False
Let q(c) be the third derivative of -1/2*c**4 - 7*c**2 + 0*c + 0 - 5/6*c**3. Is q(-5) prime?
False
Suppose -5*a + 0*c = -2*c - 1321, -4*a + 1049 = c. Is a prime?
True
Let s = 38 - 33. Suppose 4*w - 2*n - 465 = 379, 4*w = -n + 844. Suppose 4*q + w = s*q. Is q a composite number?
False
Let d(w) = w**3 + 4*w**2 + w + 4. Let r be d(-4). Let p = 224 - 220. Suppose r = -p*s - 4*l + 200, l + l = -3*s + 155. Is s a composite number?
True
Let m be 3 + (-1 - 4/2). Suppose -2*r + 4*i - 4 = m, 2*i - 29 + 9 = -2*r. Is r/(-2) + 1 - -9 a composite number?
False
Let v = 41 + -21. Let s = v - 26. Is ((-3236)/s)/((-6)/(-9)) prime?
True
Suppose 0 = 3*c + 4*w + 944, -2*w + 10 - 2 = 0. Let i be (2/(-8))/(16/c). Suppose -l + 39 = i*s, 2*s - 224 = -4*l - s. Is l a composite number?
False
Let z(f) = f**3 - f + 2. Suppose 2*a + 0 = -4. Let b be z(a). Let t(q) = -131*q + 17. Is t(b) a prime number?
True
Suppose 0*b + 8 = 4*b. Suppose -b*n = 5*q + 11, -n - 2*q - 1 = 3. Is 6*53 + 3 + n prime?
False
Let r = -555 - -1534. Is r prime?
False
Let m(q) = -q**3 - 13*q**2 - 14*q - 13. Let x be m(-12). Suppose x*s = 6*s + 7635. Is s a prime number?
False
Let s be 35610/35 + (-9)/21. Suppose 3*j - 1003 = 4*g, 3*j - 3*g + 6*g = s. Is j a prime number?
True
Suppose -21*k - 53232 = -37*k. Is k prime?
False
Suppose 4*v + 3*w = 1939, 4*v - 5*w = v + 1476. Suppose 0 = 4*z - 61 - v. Suppose 3*d - 217 = z. Is d a composite number?
True
Let v(m) = -m**2 - 2*m - 3. Let z be v(-3). Let i = -2 - z. Suppose -i*j + 1175 = -53. Is j prime?
True
Let o be (-1 + 0 + 2)*(45 + -728). Let q = o - -1122. Is q prime?
True
Let j(c) = 6*c + 29. Let x be j(15). Suppose u + 22 = x. Is u a composite number?
False
Let w(n) = -20*n**2 - n**3 + 3*n**3 + 3*n - 5*n + 34 - n**3. Is w(25) a composite number?
False
Suppose 3*c = 4*c - 5*c. Suppose c = 5*d - 1117 - 968. Is d a composite number?
True
Let f = -291 + 251. Let v = -398 + 623. Let q = v - f. Is q a prime number?
False
Let t = -19480 + 64097. Is t composite?
False
Is 4 + (-2)/(-11) + 75390/22 a prime number?
False
Let r be 9/((-45)/(-80)) + (-2 - -1). Suppose 11*o + 1988 = r*o. Is o composite?
True
Let c = -21204 + 36107. Is c prime?
False
Let q = 139 - 135. Is (-2474)/q*28/(-2) a composite number?
True
Let w(b) = 7*b**2 + 2*b + 2. Let a be 5/(-10) + 1 + 34/4. Is w(a) composite?
False
Suppose -5*f + 3*f = -57370. Is f a prime number?
False
Suppose -7*d + 4 + 3 = 0. Let b(v) = 376*v + 3. Is b(d) a prime number?
True
Let x(k) = 50*k - 20. Let q be x(3). Let b = q + -61. Is b composite?
True
Suppose -3*m + 2*r + 13785 = 0, 8*m = 6*m - 3*r + 9190. Is m prime?
False
Is ((-288215)/5)/((36/9)/(-4)) composite?
True
Let z = 4 + 2. Let r(m) = -87*m + 14. Let j be r(z). Is j/(-1)*5/4 a prime number?
False
Let a = -68 + 63. Let u(r) = -64*r - 6. Is u(a) a prime number?
False
Suppose -22649 = -2*j - 5*h, -2*j - 3*h + 10274 + 12385 = 0. Is j composite?
True
Suppose 4*h - 12 = 0, -4*h + 47 = 2*l + 3*l. Suppose -l*o + 8034 = -o. Is o composite?
True
Let h = 3000 - -474. Let m = h - 2159. Is m prime?
False
Suppose 3*s - 3*k + 146 = s, -3*k + 383 = -5*s. Let m = 242 + s. Suppose m = 4*x - 201. Is x a prime number?
False
Let r(f) = f**2 + 10*f - 10. Let h be r(-12). Let d = -5 + h. Is d composite?
True
Suppose 3*k = 9, 2*q + 3*k - 43 = 2*k. Let l be (-18)/15*q/(-6). Is (-486)/(-10) - l/(-10) composite?
True
Let d(i) be the third derivative of i**5/3 + 2*i**4/3 + 7*i**3/6 - 31*i**2. Is d(-6) a composite number?
False
Let w = -4094 + 6293. Is w prime?
False
Suppose 17*c - 10*c = 72779. Is c composite?
True
Let n be -3*1/3 - -4. Suppose -3*x = n - 9. Suppose 4*t = 4*d + 324, 0 = 5*t - 0*d - x*d - 411. Is t a composite number?
False
Let q = -20263 + 36992. Is q composite?
False
Suppose 6*s = 2*s + 8. Suppose -3*z - 1064 = -t + 3*t, 3*z = s*t + 1064. Let d = t + 749. Is d a composite number?
True
Let y be (-18 + -2)*((-24)/10 - -2). Suppose 5*x - 5*m - 7340 = 0, x - 4*m = -y*m + 1483. Is x composite?
False
Let h(n) = 57*n - 3. Let z be h(-4). Let p = 340 + z. Is p prime?
True
Suppose -3*d = -4*d - p - 1, -4*d - p = -5. Suppose 0 = -d*s + 628 - 0. Is s a composite number?
True
Let d(r) = 248*r**2 + 54*r + 15. Is d(-7) prime?
True
Suppose 5*q = -9 - 6, 847 = 2*t - 3*q. Let z = t - 228. Is z prime?
True
Suppose 5*v + 52629 = 4*k - 1710, -5*v = -k + 13566. Is k a composite number?
False
Let m = -448 + 999. Is m composite?
True
Let i(n) = -n**2 - 2. Let g be i(0). Let p(f) = 5*f + 37. Let o be p(-6). Is (-90034)/(-98) - g/o a prime number?
True
Let h(m) = 63*m - 4. Let u be h(2). Suppose 0 = -k - b + u, 2*b = 4*k - 2*b - 488. Is k composite?
True
Suppose -o - 2*r = -13, 4*o + r + 21 = 59. Suppose o = 4*l + 1. Is (258/(-3))/(0 - l) composite?
False
Let n be (-1)/2*(-11 - -3). Suppose -d - n*d = 425. Let x = d + 147. Is x composite?
True
Suppose -6*j + 148 = -2*j. Let n be 14/35 - 12/5. Is j*-4*n/4 a prime number?
False
Suppose 6998 = 7*u - 5133. Is u a prime number?
True
Suppose 15*q + 15 - 45 = 0. Suppose q*x + 5858 = 2*f, 2*f + 0*x = -3*x + 5868. Is f a prime number?
False
Suppose 5*k - 3*f - 373 = 265, 2*k - 255 = f. Is k prime?
True
Suppose -4*j + 2*a = -2848, -2149 = 4*j - 7*j - 5*a. Suppose n = -4, 5*x + n = -2*n + j. Is x a prime number?
False
Suppose k + 640 = -3*k. Suppose -7*q - 5*i = -8*q + 291, 2*i = -4. Let a = k + q. Is a a prime number?
False
Is 1645 + 90/(-27)*(-18)/15 a composite number?
True
Let v be (-10)/(-4)*((-8424)/(-15) + -6). Suppose 54 - v = -5*s - 4*g, -s = -3*g - 248. Is s prime?
True
Let w = 29 - 55. Let y = 146 - w. Let f = -117 + y. Is f composite?
True
Let b(l) = 2*l - 21. Let w be b(12). Suppose -w*g - 141 + 750 = 0. Is g a composite number?
True
Suppose 2*v = 3*h + 31, 4*v + 13 = 5*h + 76. Let m = v - 17. Suppose -8*q + 6*q + 470 = m. Is q composite?
True
Suppose -5*j = -5*b + 2000, 2*j = -4*b - 0*j + 1588. Suppose 0 = -u - 4*d + 165, 4*u - b = -2*d + 332. Is u composite?
True
Let q(h) = -h**2 - 4*h + 12. Let z be q(-6). Suppose z = -5*b + w - 4*w - 1090, -b - 4*w = 201. Let l = 318 + b. Is l prime?
True
Suppose -3*x - 3*w + 102 = 0, -3*w + 1 = -8. Is x a composite number?
False
Let r(p) = -p - 1. Let k = 15 - 12. Let f be r(k). 